ime factors of r.
2, 3, 17
Let f(u) = -u**3 - 9*u**2 + 6*u + 13. Let j = 21 + -31. What are the prime factors of f(j)?
53
Let w be (-6)/(-27) - 22/54*1461. List the prime factors of ((-12)/(-10))/((-17)/w).
2, 3, 7
Let o be -1 - -1*(-2 - 1 - -13). List the prime factors of (-916)/(-18) + 1/o.
3, 17
Let r(d) = -10*d + 10. Suppose 0 = 3*w - 5*w + 3*a - 18, -3*w - a - 27 = 0. What are the prime factors of r(w)?
2, 5
Suppose -b + 120 = 22. What are the prime factors of b?
2, 7
Let c(t) = -t**2 + 15*t + 7. Let k be c(15). Let x(g) = 5*g - 4. What are the prime factors of x(k)?
31
Suppose -3*u = -2*h + u - 2, -5*h + u = -13. Let i be 0 + 5/((-10)/(-4)). List the prime factors of h*-3*(-6)/i.
3
Let q = 3 + -12. Let b be (-48)/4 + 2/(-2). Let c = q - b. List the prime factors of c.
2
Suppose -2*t + i + 0*i = 72, 2*t + 56 = 5*i. Suppose -5*j + 489 - 124 = 0. Let f = j + t. What are the prime factors of f?
5, 7
Let h = 12853 + -9031. List the prime factors of h.
2, 3, 7, 13
Suppose 0 = 6*q - q + 40. Let c = 11 + 10. Let d = c + q. List the prime factors of d.
13
Suppose -3*y + y - 42 = 0. Let b = 36 + y. List the prime factors of b.
3, 5
Let d(a) = -a**3 - 6*a**2 + 28. Let p be d(-11). Suppose -119 = -16*r + p. List the prime factors of r.
47
Let a = -7356 + 12932. What are the prime factors of a?
2, 17, 41
Let p(a) = a**2 + 3*a - 9. Let v be p(-4). Let i be ((-9)/v)/(3/25). Suppose -2*u + 17 + i = 0. What are the prime factors of u?
2
Let i = 31 - 11. Let t = -16 + i. Suppose t*k + 0*k = 36. List the prime factors of k.
3
Suppose -11*d = -5*d - 18. Suppose 5 = -y, -5*i + 224 + 181 = -d*y. What are the prime factors of i?
2, 3, 13
Let f be (-1296)/21 - 4/14. Let g = f - -104. What are the prime factors of g?
2, 3, 7
Let b(d) = d + 2. Let r be b(4). Suppose 6 = 4*g - r. Suppose -20 = j - g*j. What are the prime factors of j?
2, 5
What are the prime factors of ((-32)/(-3) - 11)/((-2)/4254)?
709
Let q(g) = 2*g**2 - 8*g - 16. Let f = 33 + -55. Let i = 29 + f. List the prime factors of q(i).
2, 13
Let b(k) = 11*k + 22. Let s be b(-2). Suppose m - 75 + 25 = s. What are the prime factors of m?
2, 5
Suppose 25*d + 384 = 22*d. Let b = -75 - d. What are the prime factors of b?
53
Suppose -2*a = 5*v + 639 - 3685, -3*v = 5*a - 7577. What are the prime factors of a?
17, 89
Suppose 5*v - 2*u - 2931 = 0, -2*v + u + 780 = -392. List the prime factors of v.
587
Let p = 64 + -37. Let z = p - 8. Suppose -z = -5*l + 56. List the prime factors of l.
3, 5
Let u = 36 + 15. Let x = 45 + u. What are the prime factors of x?
2, 3
Let c(b) = 2*b**2 + 3. Let j = 5 - 17. Let x be j/54 + 34/(-9). What are the prime factors of c(x)?
5, 7
Suppose 0 = -14*h + 1458 + 16182. Suppose -4*t = 3*g - 950, -5*t = 4*g - 3*t - h. List the prime factors of g.
2, 157
Suppose 0 = i - 0*i - 5. Suppose -4*g + 3*v - v = -112, 118 = i*g + 3*v. List the prime factors of g.
2, 13
Let a = 53 + -43. List the prime factors of 416/a + 15/(-25).
41
Suppose -j - 2*u + 1 - 8 = 0, 4*j + 2*u = 2. Let c(z) = 2*z**3 + 4*z**2 - 3*z - 4. What are the prime factors of c(j)?
7, 11
Suppose 4*t + 12 = 0, 2*g = g + t + 9. Suppose 3*m + 72 = g*m. Let x = 30 - m. List the prime factors of x.
2, 3
Let h = 20 - -24. Let w = 38 + -53. Let t = h + w. What are the prime factors of t?
29
Let s(u) = u**3 + 13*u**2 + 11*u + 10. Let t be s(-10). Suppose t = 5*w - 0*w. List the prime factors of w.
2, 5
Let u = 82 + -81. List the prime factors of 9/(-12)*(u - 161).
2, 3, 5
What are the prime factors of (-13)/(-65) - 3678/(-10)?
2, 23
Let q(j) = j**3 - 13*j**2 - 7*j - 14. Let a be q(14). What are the prime factors of 1/((-6)/(-4))*3 + a?
2, 43
Let x be (38/3 - -4)*6. Let j = -54 + x. What are the prime factors of j?
2, 23
Suppose -3*p - 12 = 0, -5*l - 2*p + 1923 = p. What are the prime factors of l?
3, 43
What are the prime factors of 398190/315 - (-4)/(-42)?
2, 79
List the prime factors of (17770/30)/(3/9).
1777
Suppose 6*n = n - 5. Let g be (16/56)/(n/(-7)). Suppose -2*r - g*r + 72 = 2*a, 2*r + 2*a - 34 = 0. What are the prime factors of r?
19
Let h = 64 + -61. Suppose 4*q - 526 = k, -4*q - 2*k - h*k = -538. What are the prime factors of q?
2, 3, 11
Let s(p) = -p**3 - 6*p**2 - 7*p - 4. Let j be s(-5). Suppose h + j = -0. List the prime factors of ((-3)/h)/(2/144).
2, 3
Let m = 49 - 42. Suppose 0 = 2*h - m - 11. What are the prime factors of h?
3
Let k(m) = m**3 - 4*m**2 - 13*m + 5. Let j be k(6). What are the prime factors of 210 + (-4 - j) - -4?
211
Suppose 0 = 5*i - 8*i + 6. Let l(g) be the first derivative of 9*g**2/2 + g - 1. What are the prime factors of l(i)?
19
Let x(g) = -22*g**3 + g**2 + 5. List the prime factors of x(-3).
2, 19
Let p = 17 - 17. Let t(g) = g**3 + g**2 - g. Let r be t(p). Suppose 2*m - 16 = -r. What are the prime factors of m?
2
Let r(b) = b**2 + 4*b - 25. List the prime factors of r(-27).
2, 149
Let i be (-1524)/(-48) - ((-5)/4 + 1). Suppose 4*y = -r - 3 + 21, 0 = 2*r + 4*y - i. List the prime factors of r.
2, 7
Let x = 440 - 162. What are the prime factors of x?
2, 139
Let v be 3801/56 - (-1)/8. Let u = -30 + v. What are the prime factors of u?
2, 19
Suppose 5*u - 10 - 5 = 0. Let k = u - 3. Suppose d + 4*d - 85 = k. List the prime factors of d.
17
Let b(g) = g**2 - 2*g + 2. Let o be b(2). Suppose 5*r + o - 32 = 0. What are the prime factors of r?
2, 3
Let f(b) = -35*b + 16. What are the prime factors of f(-3)?
11
Let g(t) = 5*t**2 - 5 + 0 + t**3 - 2 + 4 + 2*t. What are the prime factors of g(-3)?
3
Suppose 2*k - 64 = -2*k. Let u = k + 191. What are the prime factors of u?
3, 23
Let x(a) = 30*a**3 - a**2 - 17*a - 2. List the prime factors of x(5).
2, 17, 107
Suppose 4*u - 2294 = -2*s, -2*u = -3*u - s + 575. Suppose u = -5*h + 16*h. What are the prime factors of h?
2, 13
Let t be ((-35)/4)/((-2)/8). Let h = 3 + t. Let x = 105 - h. List the prime factors of x.
67
Let j(s) = -187*s + 34. List the prime factors of j(-11).
3, 17, 41
Let y(k) = -k**3 - k**2 + 88. Let s be y(0). Suppose -6*m + 164 = -s. What are the prime factors of m?
2, 3, 7
Suppose -s + 40 = 4*s. Let f be 2/(-5) - s/5. List the prime factors of (f/6 + -2)*-3.
7
Let a(w) = 1 - 5*w + w + 8*w + 7*w**2 + 7*w**2. List the prime factors of a(-3).
5, 23
Let o(s) = -s**3 + 11*s**2 + 5*s - 7. Suppose -3*u - 2*f = -22, -4*f - f = -u - 4. What are the prime factors of o(u)?
7, 29
Let u be (108 + 0)*2/3. Suppose 4*m = 1729 - 1797. Let t = m + u. What are the prime factors of t?
5, 11
Let n(q) = q**3 - 11*q**2 + 12*q - 10. Let s be n(9). Let j be (27/1)/((-12)/s). Suppose j - 27 = 3*l. List the prime factors of l.
3, 13
Let t be (-4 + 21/(-2))*8. List the prime factors of (29/t)/((-2)/392).
7
Suppose -217 + 421 = 3*y. List the prime factors of y.
2, 17
Let b(n) = n**3 - 11*n**2 - 16*n - 13. Let h be b(13). What are the prime factors of 2/(8/h) - (-6)/8?
2, 3, 5
Let o be (1/2)/(2/8). Suppose o*y - 4*a = 78, 2*y + 5*a - 30 = 39. What are the prime factors of y + (-2 - (2 + -3))?
2, 3
Suppose 117052 = 47*k - 21*k. What are the prime factors of k?
2, 2251
Let d be (0/7)/6*(-1)/(-1). Suppose 2*k = -5*f + 414, d = -4*k - 4 + 12. What are the prime factors of f?
2, 41
What are the prime factors of 9*(-8)/(-24) + (-2588)/(-4)?
2, 5, 13
Suppose 0 = -5*j - 4*o + 226 - 655, -2*j - 2*o = 172. Let p = j - -166. What are the prime factors of p?
3
Let a(n) be the first derivative of n**4/3 + n**3 - n**2/2 - 14*n - 7. Let g(y) be the first derivative of a(y). List the prime factors of g(-5).
3, 23
Let u = 545 - 357. What are the prime factors of u?
2, 47
Let n = -558 - -1403. What are the prime factors of n?
5, 13
Let z be (-2)/(0 + (-4)/(-14)). Let o(p) be the second derivative of -p**4/12 - 5*p**3/3 - 2*p**2 - 103*p. List the prime factors of o(z).
17
Let v be (4 + -2 - 3)*1*-9. What are the prime factors of (v/(-1))/(-2*(-1)/(-34))?
3, 17
Let v be 3 + 10/65 + (-8920)/13. Let r = -458 - v. What are the prime factors of r?
3, 5
Let w(m) be the first derivative of m**4/4 + 5*m**2/2 - 15*m + 39. What are the prime factors of w(5)?
3, 5
Let l = -99 - -99. Let f(h) = 3*h**2 + 66. What are the prime factors of f(l)?
2, 3, 11
Suppose -5*d = 0, 5*a + d = -3*d + 290. Let z be (-27)/18*-1*26. Let t = a - z. What are the prime factors of t?
19
Suppose -3*c = h - c - 5, -3*c = -5